the hundred thousands digit of 172498130?
4
What is the ten millions digit of 322921817?
2
What is the tens digit of 65990543?
4
What is the millions digit of 167392235?
7
What is the hundreds digit of 53727891?
8
What is the hundred millions digit of 2098852634?
0
What is the billions digit of 1114511949?
1
What is the ten thousands digit of 44374940?
7
What is the millions digit of 21735298?
1
What is the hundred thousands digit of 2659503344?
5
What is the ten millions digit of 219819672?
1
What is the millions digit of 41792137?
1
What is the units digit of 607096350?
0
What is the ten millions digit of 279223953?
7
What is the units digit of 79212621?
1
What is the tens digit of 214257686?
8
What is the millions digit of 114507037?
4
What is the tens digit of 886924082?
8
What is the hundreds digit of 52872262?
2
What is the units digit of 1625761229?
9
What is the hundred thousands digit of 25585632?
5
What is the units digit of 386947969?
9
What is the hundred millions digit of 102813730?
1
What is the tens digit of 83255691?
9
What is the millions digit of 392648131?
2
What is the hundreds digit of 951984345?
3
What is the millions digit of 528182545?
8
What is the hundred millions digit of 313849070?
3
What is the hundreds digit of 107652778?
7
What is the hundred millions digit of 331204959?
3
What is the thousands digit of 244306708?
6
What is the hundred thousands digit of 45065374?
0
What is the hundred millions digit of 240075413?
2
What is the hundreds digit of 13184418?
4
What is the units digit of 432196760?
0
What is the hundred millions digit of 537765505?
5
What is the hundred millions digit of 237070993?
2
What is the hundreds digit of 50303620?
6
What is the thousands digit of 217487264?
7
What is the tens digit of 296539423?
2
What is the ten thousands digit of 390270168?
7
What is the ten millions digit of 24120626?
2
What is the millions digit of 55457817?
5
What is the thousands digit of 1339173704?
3
What is the hundreds digit of 52849781?
7
What is the hundreds digit of 258153413?
4
What is the units digit of 1424287758?
8
What is the ten millions digit of 546593928?
4
What is the thousands digit of 363250009?
0
What is the millions digit of 6682137945?
2
What is the ten millions digit of 165789069?
6
What is the tens digit of 94022138?
3
What is the thousands digit of 70384286?
4
What is the ten millions digit of 50625139?
5
What is the ten millions digit of 137745902?
3
What is the hundred thousands digit of 1599387410?
3
What is the units digit of 96160269?
9
What is the ten millions digit of 54481055?
5
What is the hundreds digit of 251357710?
7
What is the hundreds digit of 26132074?
0
What is the millions digit of 2422282278?
2
What is the tens digit of 2204833368?
6
What is the ten millions digit of 34559238?
3
What is the billions digit of 1856079403?
1
What is the thousands digit of 61514971?
4
What is the billions digit of 1315735384?
1
What is the thousands digit of 25389111?
9
What is the units digit of 11286035?
5
What is the millions digit of 366721419?
6
What is the hundred millions digit of 321033791?
3
What is the units digit of 518142013?
3
What is the hundred thousands digit of 6855819166?
8
What is the millions digit of 321013896?
1
What is the tens digit of 394757?
5
What is the units digit of 109024219?
9
What is the thousands digit of 1286292416?
2
What is the units digit of 92610244?
4
What is the units digit of 11588454?
4
What is the tens digit of 1477632792?
9
What is the hundred thousands digit of 206273150?
2
What is the tens digit of 3053739642?
4
What is the units digit of 134320789?
9
What is the hundred thousands digit of 2170424?
1
What is the ten thousands digit of 680417877?
1
What is the hundred millions digit of 1463218524?
4
What is the millions digit of 80830575?
0
What is the thousands digit of 69864001?
4
What is the units digit of 58935259?
9
What is the hundreds digit of 117532830?
8
What is the thousands digit of 20048553?
8
What is the thousands digit of 838602587?
2
What is the hundreds digit of 507737421?
4
What is the millions digit of 846299989?
6
What is the tens digit of 5896838?
3
What is the units digit of 2226942979?
9
What is the ten thousands digit of 315364507?
6
What is the units digit of 745694653?
3
What is the hundreds digit of 194775838?
8
What is the hundreds digit of 14832681?
6
What is the ten thousands digit of 105829816?
2
What is the ten millions digit of 207447764?
0
What is the hundred thousands digit of 66479996?
4
What is the hundred millions digit of 117693769?
1
What is the units digit of 55476757?
7
What is the units digit of 155113110?
0
What is the ten millions digit of 4501107270?
0
What is the units digit of 7378132?
2
What is the units digit of 147048768?
8
What is the hundred thousands digit of 334459773?
4
What is the units digit of 632056965?
5
What is the ten millions digit of 611859058?
1
What is the tens digit of 17985367?
6
What is the ten thousands digit of 26170192?
7
What is the millions digit of 144840336?
4
What is the thousands digit of 33478270?
8
What is the hundreds digit of 2081325589?
5
What is the thousands digit of 8201675364?
5
What is the billions digit of 1321285083?
1
What is the units digit of 130106172?
2
What is the hundreds digit of 94704052?
0
What is the thousands digit of 653001411?
1
What is the hundreds digit of 119799773?
7
What is the ten millions digit of 62722418?
6
What is the hundred thousands digit of 303279256?
2
What is the ten thousands digit of 2370388977?
8
What is the ten thousands digit of 175177756?
7
What is the tens digit of 112346016?
1
What is the hundreds digit of 49165824?
8
What is the thousands digit of 3726251316?
1
What is the hundred thousands digit of 227171805?
1
What is the millions digit of 9839687?
9
What is the ten millions digit of 29061166?
2
What is the units digit of 252287578?
8
What is the ten thousands digit of 139059048?
5
What is the units digit of 106587827?
7
What is the thousands digit of 8868034841?
4
What is the ten thousands digit of 741994750?
9
What is the units digit of 356335?
5
What is the ten millions digit of 152182231?
5
What is the ten millions digit of 153946864?
5
What is the hundred millions digit of 3594829166?
5
What is the millions digit of 1764197?
1
What is the ten millions digit of 162865236?
6
What is the ten millions digit of 38434539?
3
What is the tens digit of 388432?
3
What is the hundreds digit of 697413397?
3
What is the tens digit of 362031821?
2
What is the millions digit of 578723271?
8
What is the hundreds digit of 124262274?
2
What is the hundred thousands digit of 1146885681?
8
What is the hundred thousands digit of 194501620?
5
What is the hundreds digit of 1312211?
2
What is the units digit of 409915162?
2
What is the units digit of 1432856290?
0
What is the ten millions digit of 73195788?
7
What is the tens digit of 1205309530?
3
What is the hundred thousands digit of 44851281?
8
What is the tens digit of 44798267?
6
What is the tens digit of 180644649?
4
What is the hundred millions digit of 5818477897?
8
What is the hundred thousands digit of 34590323?
5
What is the thousands digit of 826421211?
1
What is the ten millions digit of 12674300?
1
What is the units digit of 599738365?
5
What is the hundreds digit of 7047964?
9
What is the units digit of 60487197?
7
What is the units digit of 6308861330?
0
What is the ten thousands digit of 7820936?
2
What is the thousands digit of 38278447?
8
What is the thousands digit of 771837?
1
What is the hundreds digit of 15591446?
4
What is the ten thousands digit of 7776909?
7
What is the hundred thousands digit of 77403146?
4
What is the billions digit of 1535877227?
1
What is the thousands digit of 2393357789?
7
What is the hundred millions digit of 1495475033?
4
What is the hundreds digit of 211242888?
8
What is the thousands digit of 231368963?
8
What is the thousands digit of 5382242003?
2
What is the ten thousands digit of 31887594?
8
What is the units digit of 405722533?
3
What is the thousands digit of 435439148?
9
What is the millions digit of 162539092?
2
What is the hundred thousands digit of 2766059471?
0
What is the hundreds digit of 33154024?
0
What is the hundreds 